s of 133385913.
3, 4940219
What are the prime factors of 87903730?
2, 5, 491, 17903
What are the prime factors of 5606979325?
5, 19, 11804167
What are the prime factors of 45052739?
45052739
List the prime factors of 461099621.
43, 10723247
List the prime factors of 42961964.
2, 19, 565289
List the prime factors of 19421599.
17, 167, 6841
What are the prime factors of 1155171369?
3, 11, 17, 811, 2539
List the prime factors of 80553952.
2, 2517311
List the prime factors of 202429649.
59, 3431011
What are the prime factors of 35043944?
2, 13, 336961
What are the prime factors of 10167628?
2, 31, 167, 491
List the prime factors of 596061033.
3, 5857, 33923
What are the prime factors of 247303774?
2, 23, 251, 21419
What are the prime factors of 156280640?
2, 5, 47, 10391
List the prime factors of 242641255.
5, 17, 2854603
What are the prime factors of 320908553?
7, 127, 360977
What are the prime factors of 214559474?
2, 107279737
List the prime factors of 37121308.
2, 7, 1325761
List the prime factors of 296435465.
5, 181, 327553
List the prime factors of 986270791.
11, 19, 4718999
What are the prime factors of 265302678?
2, 3, 44217113
List the prime factors of 226129978.
2, 113064989
List the prime factors of 69845319.
3, 23, 569, 593
List the prime factors of 3682744845.
3, 5, 13, 41, 599, 769
What are the prime factors of 306851922?
2, 3, 13, 437111
What are the prime factors of 601479937?
601479937
What are the prime factors of 1512051638?
2, 17, 44472107
List the prime factors of 34739918.
2, 17369959
What are the prime factors of 642165094?
2, 5167, 62141
List the prime factors of 4328883576.
2, 3, 269, 223507
List the prime factors of 1024622290.
2, 5, 67, 89, 17183
List the prime factors of 846403846.
2, 423201923
List the prime factors of 1558412493.
3, 11, 43, 113, 9719
List the prime factors of 1779042974.
2, 20663, 43049
What are the prime factors of 118126809?
3, 541, 8087
List the prime factors of 3281625157.
3281625157
What are the prime factors of 81496486?
2, 40748243
What are the prime factors of 2060607500?
2, 5, 7, 73, 1613
List the prime factors of 802491642.
2, 3, 83, 537143
What are the prime factors of 60934521?
3, 23, 883109
List the prime factors of 2175428883.
3, 19, 2521, 15139
What are the prime factors of 794955361?
794955361
What are the prime factors of 637032458?
2, 79, 151, 26701
What are the prime factors of 52228209?
3, 11, 1582673
What are the prime factors of 3776261361?
3, 29, 43405303
List the prime factors of 103693524.
2, 3, 11, 739, 1063
List the prime factors of 17154712.
2, 131, 16369
List the prime factors of 406624232.
2, 7, 331, 21937
What are the prime factors of 95320234?
2, 23, 2072179
What are the prime factors of 40696233?
3, 19, 101, 7069
List the prime factors of 5595744716.
2, 1398936179
List the prime factors of 4401988.
2, 83, 13259
List the prime factors of 128802778.
2, 13, 17, 433, 673
List the prime factors of 61910448.
2, 3, 1289801
What are the prime factors of 97151027?
97151027
List the prime factors of 87698498.
2, 1049, 41801
List the prime factors of 879638133.
3, 11, 26655701
List the prime factors of 6499761041.
31, 209669711
What are the prime factors of 1853137309?
17, 109008077
What are the prime factors of 8388437?
71, 118147
List the prime factors of 4265719298.
2, 19, 112255771
List the prime factors of 761549972.
2, 2749, 69257
What are the prime factors of 865889974?
2, 19207, 22541
List the prime factors of 1045937996.
2, 261484499
List the prime factors of 37569000.
2, 3, 5, 7, 1789
What are the prime factors of 9091654?
2, 11, 13, 83, 383
List the prime factors of 303091389.
3, 727, 5147
What are the prime factors of 2445068605?
5, 7, 17, 241727
What are the prime factors of 5906699209?
109, 54189901
List the prime factors of 21779578.
2, 541, 20129
List the prime factors of 1068091928.
2, 619, 215689
What are the prime factors of 1651603?
41, 40283
What are the prime factors of 5089071649?
37, 137542477
List the prime factors of 49473941.
11, 101, 44531
List the prime factors of 48100331.
1021, 47111
List the prime factors of 2826018373.
31, 91161883
What are the prime factors of 5237364885?
3, 5, 1879, 185821
What are the prime factors of 44961281?
29, 47, 32987
What are the prime factors of 1733501467?
23, 37, 2037017
List the prime factors of 292337663.
292337663
What are the prime factors of 3574536902?
2, 31, 57653821
What are the prime factors of 125183513?
7, 13, 47, 29269
What are the prime factors of 136825994?
2, 6679, 10243
List the prime factors of 259829921.
13, 17, 19, 61879
What are the prime factors of 53428115?
5, 13, 821971
List the prime factors of 36598814.
2, 7, 41, 63761
What are the prime factors of 1178231538?
2, 3, 11, 359, 49727
List the prime factors of 101374158.
2, 3, 19, 889247
List the prime factors of 1193115.
3, 5, 7, 11, 1033
What are the prime factors of 639921595?
5, 3461, 36979
What are the prime factors of 919781488?
2, 19, 173, 17489
What are the prime factors of 41800155?
3, 5, 47, 211, 281
List the prime factors of 5934440.
2, 5, 148361
What are the prime factors of 2989431879?
3, 7, 142353899
List the prime factors of 316206886.
2, 127, 1244909
List the prime factors of 1905830609.
1905830609
List the prime factors of 4614407.
7, 587, 1123
List the prime factors of 891715083.
3, 7, 23, 97, 2719
What are the prime factors of 860311480?
2, 5, 7, 3072541
What are the prime factors of 20636204?
2, 19, 31, 461
List the prime factors of 1537778.
2, 11, 69899
List the prime factors of 9237958.
2, 4618979
List the prime factors of 22543142.
2, 11271571
List the prime factors of 24990031.
11, 2271821
What are the prime factors of 226168571?
19, 3313, 3593
What are the prime factors of 2387333713?
31139, 76667
What are the prime factors of 2253560829?
3, 13, 57783611
List the prime factors of 61297727.
61297727
What are the prime factors of 303393041?
7, 29, 53, 163, 173
What are the prime factors of 121316298?
2, 3, 20219383
What are the prime factors of 3168914500?
2, 5, 6337829
List the prime factors of 25479702.
2, 3, 17, 83267
What are the prime factors of 433121907?
3, 151, 956119
List the prime factors of 158850770.
2, 5, 13, 479, 2551
What are the prime factors of 325059014?
2, 7, 23218501
List the prime factors of 461504263.
11, 4217, 9949
List the prime factors of 1226665.
5, 11, 22303
List the prime factors of 909985860.
2, 3, 5, 7, 17
List the prime factors of 1366466213.
7, 71, 1049, 2621
List the prime factors of 12123188.
2, 7, 11, 5623
What are the prime factors of 507579576?
2, 3, 7, 29, 104183
List the prime factors of 1586063952.
2, 3, 11, 1001303
List the prime factors of 62602190.
2, 5, 7, 677, 1321
What are the prime factors of 83794487?
7, 43, 278387
List the prime factors of 48854103.
3, 47, 421, 823
List the prime factors of 226252008.
2, 3, 71, 14753
List the prime factors of 177453891.
3, 19717099
What are the prime factors of 129125271?
3, 11, 355717
List the prime factors of 446790977.
47, 269, 35339
List the prime factors of 244297966.
2, 11, 157, 70729
List the prime factors of 618056226.
2, 3, 34336457
What are the prime factors of 31418531?
31, 1013501
What are the prime factors of 20466043?
13, 1574311
List the prime factors of 151766589.
3, 13, 3891451
What are the prime factors of 5267181522?
2, 3, 41, 522227
What are the prime factors of 7668440663?
13, 589880051
List the prime factors of 138235131.
3, 47, 173, 1889
What are the prime factors of 252242967?
3, 1531, 54919
List the prime factors of 226784866.
2, 7, 11, 73, 20173
What are the prime factors of 4267848522?
2, 3, 7, 101615441
List the prime factors of 6623654905.
5, 7, 189247283
List the prime factors of 120826752.
2, 3, 17, 83, 223
List the prime factors of 1713467185.
5, 31, 2467, 4481
What are the prime factors of 1187962190?
2, 5, 23, 61, 84673
List the prime factors of 3887624.
2, 13, 29, 1289
What are the prime factors of 8193165?
3, 5, 546211
What are the prime factors of 254399398?
2, 11, 19, 608611
List the prime factors of 134909716.
2, 33727429
List the prime factors of 110511753.
3, 11, 3348841
What are the prime factors of 226503166?
2, 29, 311, 433
What are the prime factors of 2407469774?
2, 53, 73, 311123
What are t